{"id":958,"date":"2022-08-29T19:32:19","date_gmt":"2022-08-29T17:32:19","guid":{"rendered":"https:\/\/yoga-der-mitte.info\/blogn\/?page_id=958"},"modified":"2023-12-13T09:18:56","modified_gmt":"2023-12-13T08:18:56","slug":"impressum","status":"publish","type":"page","link":"https:\/\/yoga-der-mitte.info\/blogn\/impressum\/","title":{"rendered":"Impressum"},"content":{"rendered":"<h1>Impressum<\/h1>\n<p>Informationspflicht laut \u00a75 E-Commerce Gesetz, \u00a714 Unternehmensgesetzbuch, \u00a763 Gewerbeordnung und Offenlegungspflicht laut \u00a725 Mediengesetz.<\/p>\n<p>Fritz Langer<br \/>\nObere Hauptstra\u00dfe 28,<br \/>\n3494 Gedersdorf,<br \/>\n\u00d6sterreich<\/p>\n<p><strong>E-Mail:<\/strong> <a href=\"mailto:&#121;&#111;&#103;&#105;&#049;0&#056;&#064;&#121;&#111;&#103;&#097;&#045;d&#101;r&#045;mi&#116;te&#046;in&#102;&#111;\">&#121;&#111;&#103;&#105;&#049;0&#056;&#064;&#121;&#111;&#103;&#097;&#045;d&#101;r&#045;mi&#116;te&#046;in&#102;&#111;<\/a><\/p>\n<p>Quelle: Erstellt\u00a0mit dem <a href=\"https:\/\/www.firmenwebseiten.at\/impressum-generator\/\">Impressum Generator von firmenwebseiten.at<\/a>\u00a0in Kooperation mit <a href=\"https:\/\/www.jobwissen.at\">jobwissen.at<\/a><\/p>\n<h2>EU-Streitschlichtung<\/h2>\n<p>Angaben zur Online-Streitbeilegung: Verbraucher haben die M\u00f6glichkeit, Beschwerden an die OnlineStreitbeilegungsplattform der EU zu richten: <a href=\"https:\/\/ec.europa.eu\/consumers\/odr\/main\/index.cfm?event=main.home2.show&#038;lng=DE\">https:\/\/ec.europa.eu\/consumers\/odr\/main\/index.cfm?event=main.home2.show&#038;lng=DE<\/a>. Sie k\u00f6nnen allf\u00e4llige Beschwerde auch an die oben angegebene E-Mail-Adresse richten.<\/p>\n<h2>Haftung f\u00fcr Inhalte dieser Webseite<\/h2>\n<p>Wir entwickeln die Inhalte dieser Webseite st\u00e4ndig weiter und bem\u00fchen uns korrekte und aktuelle Informationen bereitzustellen. Leider k\u00f6nnen wir keine Haftung f\u00fcr die Korrektheit aller Inhalte auf dieser Webseite \u00fcbernehmen, speziell f\u00fcr jene die seitens Dritter bereitgestellt wird. Sollten Ihnen problematische oder rechtswidrige Inhalte auffallen, bitte wir Sie uns umgehend zu kontaktieren, Sie finden die Kontaktdaten im Impressum.<\/p>\n<h2>Haftung f\u00fcr Links auf dieser Webseite<\/h2>\n<p>Unsere Webseite enth\u00e4lt Links zu anderen Webseiten f\u00fcr deren Inhalt wir nicht verantwortlich sind. Wenn Ihnen rechtswidrige Links auf unserer Webseite auffallen, bitte wir Sie uns zu kontakieren, Sie finden die Kontaktdaten im Impressum.<\/p>\n<h2>Urheberrechtshinweis<\/h2>\n<p>Alle Inhalte dieser Webseite (Bilder, Fotos, Texte, Videos) unterliegen dem Urheberrecht. Falls notwendig, werden wir die unerlaubte Nutzung von Teilen der Inhalte unserer Seite rechtlich verfolgen.<\/p>\n<h2>Bildernachweis<\/h2>\n<p>Die Bilder, Fotos und Grafiken auf dieser Webseite sind urheberrechtlich gesch\u00fctzt.<\/p>\n<p>Die Bilderrechte liegen bei:<\/p>\n<ul>\n<li>Fritz Langer<\/li>\n<\/ul>\n<h1>Datenschutzerkl\u00e4rung<\/h1>\n<h2>Datenschutz<\/h2>\n<p>Wir haben diese Datenschutzerkl\u00e4rung verfasst, um Ihnen gem\u00e4\u00df der Vorgaben der EU-Datenschutz-Grundverordnung zu erkl\u00e4ren, welche Informationen wir sammeln, wie wir Daten verwenden und welche Entscheidungsm\u00f6glichkeiten Sie als Besucher dieser Webseite haben.<\/p>\n<p>Leider liegt es in der Natur der Sache, dass diese Erkl\u00e4rungen sehr technisch klingen, wir haben uns bei der Erstellung jedoch bem\u00fcht die wichtigsten Dinge so einfach und klar zu beschreiben.<\/p>\n<h2>Automatische Datenspeicherung<\/h2>\n<p>Wenn Sie heutzutage Webseiten besuchen, werden gewisse Informationen automatisch erstellt und gespeichert, so auch auf dieser Webseite.<\/p>\n<p>Wenn Sie unsere Webseite so wie jetzt gerade besuchen, speichert unser Webserver (Computer auf dem diese Webseite gespeichert ist) automatisch Daten wie die IP-Adresse Ihres Ger\u00e4tes, die Adressen der besuchten Unterseiten, Details zu Ihrem Browser (z.B. Chrome, Firefox, Edge,\u2026) und Datum sowie Uhrzeit. Wir nutzen diese Daten nicht und geben Sie in der Regel nicht weiter, k\u00f6nnen jedoch nicht ausschlie\u00dfen, dass diese Daten beim Vorliegen von rechtswidrigem Verhalten eingesehen werden.<\/p>\n<h2>Speicherung pers\u00f6nlicher Daten<\/h2>\n<p>Pers\u00f6nliche Daten, die Sie uns auf dieser Website elektronisch \u00fcbermitteln, wie zum Beispiel Name, E-Mail-Adresse, Adresse oder andere pers\u00f6nlichen Angaben im Rahmen der \u00dcbermittlung eines Formulars oder Kommentaren im Blog, werden von uns gemeinsam mit dem Zeitpunkt und der IP-Adresse nur zum jeweils angegebenen Zweck verwendet, sicher verwahrt und nicht an Dritte weitergegeben.<\/p>\n<p>Wir nutzen Ihre pers\u00f6nlichen Daten somit nur f\u00fcr die Kommunikation mit jenen Besuchern, die Kontakt ausdr\u00fccklich w\u00fcnschen und f\u00fcr die Abwicklung der auf dieser Webseite angebotenen Dienstleistungen und Produkte. Wir geben Ihre pers\u00f6nlichen Daten ohne Zustimmung nicht weiter, k\u00f6nnen jedoch nicht ausschlie\u00dfen, dass diese Daten beim Vorliegen von rechtswidrigem Verhalten eingesehen werden.<\/p>\n<p>Wenn Sie uns pers\u00f6nliche Daten per E-Mail schicken \u2013 somit abseits dieser Webseite \u2013 k\u00f6nnen wir keine sichere \u00dcbertragung und den Schutz Ihrer Daten garantieren. Wir empfehlen Ihnen, vertrauliche Daten niemals unverschl\u00fcsselt per E-Mail zu \u00fcbermitteln.<\/p>\n<h2>Ihre Rechte<\/h2>\n<p>Ihnen stehen grunds\u00e4tzlich die Rechte auf Auskunft, Berichtigung, L\u00f6schung, Einschr\u00e4nkung, Daten\u00fcbertragbarkeit, Widerruf und Widerspruch zu. Wenn Sie glauben, dass die Verarbeitung Ihrer Daten gegen das Datenschutzrecht verst\u00f6\u00dft oder Ihre datenschutzrechtlichen Anspr\u00fcche sonst in einer Weise verletzt worden sind, k\u00f6nnen Sie sich bei der Aufsichtsbeh\u00f6rde beschweren. In \u00d6sterreich ist dies die Datenschutzbeh\u00f6rde, deren Webseiten Sie unter <a href=\"https:\/\/www.dsb.gv.at\/\">https:\/\/www.dsb.gv.at\/<\/a> finden.<\/p>\n<h2>TLS-Verschl\u00fcsselung mit https<\/h2>\n<p>Wir verwenden https um Daten abh\u00f6rsicher im Internet zu \u00fcbertragen. Durch den Einsatz von TLS (Transport Layer Security), einem Verschl\u00fcsselungsprotokoll zur sicheren Daten\u00fcbertragung im Internet k\u00f6nnen wir den Schutz vertraulicher Daten sicherstellen. Sie erkennen die Benutzung dieser Absicherung der Daten\u00fcbertragung am kleinen Schlo\u00dfsymbol links oben im Browser und der Verwendung des Schemas https als Teil unserer Internetadresse.<br \/>\n<a name=\"cookies\"><\/a><\/p>\n<h2>Cookies<\/h2>\n<p>Unsere Website verwendet HTTP-Cookies um nutzerspezifische Daten zu speichern.<br \/>\nEin Cookie ist ein kurzes Datenpaket, welches zwischen Webbrowser und Webserver ausgetauscht wird, f\u00fcr diese aber v\u00f6llig bedeutungslos ist und erst f\u00fcr die Webanwendung, z. B. einen Online-Shop, eine Bedeutung erh\u00e4lt, etwa den Inhalt eines virtuellen Warenkorbes.<br \/>\nEs gibt zwei Arten von Cookies: Erstanbieter-Cookies werden von unserer Website erstellt, Drittanbieter-Cookies werden von anderen Websites (z. B. Google Analytics) erstellt.<br \/>\nMan unterscheidet drei Kategorien von Cookies: unbedingt notwendige Cookies um grundlegende Funktionen der Website sicherzustellen, funktionelle Cookies um die Leistung der Webseite sicherzustellen und zielorientierte Cookies um das Benutzererlebnis zu verbessern.<br \/>\nWir nutzen Cookies, um unsere Webseite nutzerfreundlicher zu gestalten. Einige Cookies bleiben auf Ihrem Endger\u00e4t gespeichert, bis Sie diese l\u00f6schen. Sie erm\u00f6glichen es uns, Ihren Browser beim n\u00e4chsten Besuch wiederzuerkennen.<br \/>\nWenn Sie dies nicht w\u00fcnschen, so k\u00f6nnen Sie Ihren Browser so einrichten, dass er Sie \u00fcber das Setzen von Cookies informiert und Sie dies nur im Einzelfall erlauben.<br \/>\nSie k\u00f6nnen jederzeit Cookies, die sich bereits auf Ihrem Computer befinden, l\u00f6schen oder Cookies deaktivieren. Die Vorgangsweise dazu ist nach Browser unterschiedlich, am besten Sie suchen die Anleitung in Google mit dem Suchbegriff \u201ecookies l\u00f6schen chrome\u201c oder \u201ecookies deaktivieren chrome\u201c im Falle eines Chrome Browsers oder tauschen das Wort \u201echrome\u201c gegen den Namen Ihres Browsers, z. B. edge, firefox, safari aus.<br \/>\nWenn Sie uns generell nicht gestatten, Cookies zu nutzen, d.h. diese per Browsereinstellung deaktivieren, k\u00f6nnen manche Funktionen und Seiten nicht wie erwartet funktionieren.<\/p>\n<h3 class=\"adsimple-121936393\">Was ist YouTube?<\/h3>\n<p>Wir haben auf unserer Website YouTube-Videos eingebaut. So k\u00f6nnen wir Ihnen interessante Videos direkt auf unserer Seite pr\u00e4sentieren. YouTube ist ein Videoportal, das seit 2006 eine Tochterfirma von Google ist. Betrieben wird das Videoportal durch YouTube, LLC, 901 Cherry Ave., San Bruno, CA 94066, USA. Wenn Sie auf unserer Website eine Seite aufrufen, die ein YouTube-Video eingebettet hat, verbindet sich Ihr Browser automatisch mit den Servern von YouTube bzw. Google. Dabei werden (je nach Einstellungen) verschiedene Daten \u00fcbertragen. F\u00fcr die gesamte Datenverarbeitung im europ\u00e4ischen Raum ist Google Ireland Limited (Gordon House, Barrow Street Dublin 4, Irland) verantwortlich.<\/p>\n<p>Im Folgenden wollen wir Ihnen genauer erkl\u00e4ren, welche Daten verarbeitet werden, warum wir YouTube-Videos eingebunden haben und wie Sie Ihre Daten verwalten oder l\u00f6schen k\u00f6nnen.<\/p>\n<p>Auf YouTube k\u00f6nnen die User kostenlos Videos ansehen, bewerten, kommentieren und selbst hochladen. \u00dcber die letzten Jahre wurde YouTube zu einem der wichtigsten Social-Media-Kan\u00e4le weltweit. Damit wir Videos auf unserer Webseite anzeigen k\u00f6nnen, stellt YouTube einen Codeausschnitt zur Verf\u00fcgung, den wir auf unserer Seite eingebaut haben.<\/p>\n<h3 class=\"adsimple-121936393\">Warum verwenden wir YouTube-Videos auf unserer Website?<\/h3>\n<p>YouTube ist die Videoplattform mit den meisten Besuchern und dem besten Content. Wir sind bem\u00fcht, Ihnen die bestm\u00f6gliche User-Erfahrung auf unserer Webseite zu bieten. Und nat\u00fcrlich d\u00fcrfen interessante Videos dabei nicht fehlen. Mithilfe unserer eingebetteten Videos stellen wir Ihnen neben unseren Texten und Bildern weiteren hilfreichen Content zur Verf\u00fcgung. Zudem wird unsere Webseite auf der Google-Suchmaschine durch die eingebetteten Videos leichter gefunden. Auch wenn wir \u00fcber Google Ads Werbeanzeigen schalten, kann Google \u2013 dank der gesammelten Daten \u2013 diese Anzeigen wirklich nur Menschen zeigen, die sich f\u00fcr unsere Angebote interessieren.<\/p>\n<h3 class=\"adsimple-121936393\">Welche Daten werden von YouTube gespeichert?<\/h3>\n<p>Sobald Sie eine unserer Seiten besuchen, die ein YouTube-Video eingebaut hat, setzt YouTube zumindest ein Cookie, das Ihre IP-Adresse und unsere URL speichert. Wenn Sie in Ihrem YouTube-Konto eingeloggt sind, kann YouTube Ihre Interaktionen auf unserer Webseite meist mithilfe von Cookies Ihrem Profil zuordnen. Dazu z\u00e4hlen Daten wie Sitzungsdauer, Absprungrate, ungef\u00e4hrer Standort, technische Informationen wie Browsertyp, Bildschirmaufl\u00f6sung oder Ihr Internetanbieter. Weitere Daten k\u00f6nnen Kontaktdaten, etwaige Bewertungen, das Teilen von Inhalten \u00fcber Social Media oder das Hinzuf\u00fcgen zu Ihren Favoriten auf YouTube sein.<\/p>\n<p>Wenn Sie nicht in einem Google-Konto oder einem Youtube-Konto angemeldet sind, speichert Google Daten mit einer eindeutigen Kennung, die mit Ihrem Ger\u00e4t, Browser oder App verkn\u00fcpft sind. So bleibt beispielsweise Ihre bevorzugte Spracheinstellung beibehalten. Aber viele Interaktionsdaten k\u00f6nnen nicht gespeichert werden, da weniger Cookies gesetzt werden.<\/p>\n","protected":false},"excerpt":{"rendered":"<p>Impressum Informationspflicht laut \u00a75 E-Commerce Gesetz, \u00a714 Unternehmensgesetzbuch, \u00a763 Gewerbeordnung und Offenlegungspflicht laut \u00a725 Mediengesetz. Fritz Langer Obere Hauptstra\u00dfe 28, 3494 Gedersdorf, \u00d6sterreich E-Mail: Quelle: Erstellt\u00a0mit dem Impressum Generator von firmenwebseiten.at\u00a0in Kooperation mit jobwissen.at EU-Streitschlichtung Angaben zur Online-Streitbeilegung: Verbraucher haben die M\u00f6glichkeit, Beschwerden an die OnlineStreitbeilegungsplattform der EU zu richten: \u2026 <a class=\"continue-reading-link\" href=\"https:\/\/yoga-der-mitte.info\/blogn\/impressum\/\">Weiterlesen <span class=\"meta-nav\">&rarr; <\/span><\/a><\/p>\n","protected":false},"author":4,"featured_media":0,"parent":0,"menu_order":0,"comment_status":"closed","ping_status":"closed","template":"","meta":{"footnotes":""},"class_list":["post-958","page","type-page","status-publish","hentry"],"yoast_head":"<!-- This site is optimized with the Yoast SEO plugin v27.4 - https:\/\/yoast.com\/product\/yoast-seo-wordpress\/ -->\n<title>Impressum - Sahaja Yoga Krems<\/title>\n<meta name=\"description\" content=\"Impressum, Informationen zur DSGVO\" \/>\n<meta name=\"robots\" content=\"index, follow, max-snippet:-1, max-image-preview:large, max-video-preview:-1\" \/>\n<link rel=\"canonical\" href=\"https:\/\/yoga-der-mitte.info\/blogn\/impressum\/\" \/>\n<meta property=\"og:locale\" content=\"de_DE\" \/>\n<meta property=\"og:type\" content=\"article\" \/>\n<meta property=\"og:title\" content=\"Impressum - Sahaja Yoga Krems\" \/>\n<meta property=\"og:description\" content=\"Impressum, Informationen zur DSGVO\" \/>\n<meta property=\"og:url\" content=\"https:\/\/yoga-der-mitte.info\/blogn\/impressum\/\" \/>\n<meta property=\"og:site_name\" content=\"Sahaja Yoga Krems\" \/>\n<meta property=\"article:publisher\" content=\"https:\/\/www.facebook.com\/Sahaja-Yoga-Meditation-Krems-1265852353480686\/\" \/>\n<meta property=\"article:modified_time\" content=\"2023-12-13T08:18:56+00:00\" \/>\n<meta name=\"twitter:card\" content=\"summary_large_image\" \/>\n<meta name=\"twitter:label1\" content=\"Gesch\u00e4tzte Lesezeit\" \/>\n\t<meta name=\"twitter:data1\" content=\"8\u00a0Minuten\" \/>\n<script type=\"application\/ld+json\" class=\"yoast-schema-graph\">{\"@context\":\"https:\\\/\\\/schema.org\",\"@graph\":[{\"@type\":\"WebPage\",\"@id\":\"https:\\\/\\\/yoga-der-mitte.info\\\/blogn\\\/impressum\\\/\",\"url\":\"https:\\\/\\\/yoga-der-mitte.info\\\/blogn\\\/impressum\\\/\",\"name\":\"Impressum - Sahaja Yoga Krems\",\"isPartOf\":{\"@id\":\"https:\\\/\\\/yoga-der-mitte.info\\\/blogn\\\/#website\"},\"datePublished\":\"2022-08-29T17:32:19+00:00\",\"dateModified\":\"2023-12-13T08:18:56+00:00\",\"description\":\"Impressum, Informationen zur DSGVO\",\"breadcrumb\":{\"@id\":\"https:\\\/\\\/yoga-der-mitte.info\\\/blogn\\\/impressum\\\/#breadcrumb\"},\"inLanguage\":\"de\",\"potentialAction\":[{\"@type\":\"ReadAction\",\"target\":[\"https:\\\/\\\/yoga-der-mitte.info\\\/blogn\\\/impressum\\\/\"]}]},{\"@type\":\"BreadcrumbList\",\"@id\":\"https:\\\/\\\/yoga-der-mitte.info\\\/blogn\\\/impressum\\\/#breadcrumb\",\"itemListElement\":[{\"@type\":\"ListItem\",\"position\":1,\"name\":\"Startseite\",\"item\":\"https:\\\/\\\/yoga-der-mitte.info\\\/blogn\\\/\"},{\"@type\":\"ListItem\",\"position\":2,\"name\":\"Impressum\"}]},{\"@type\":\"WebSite\",\"@id\":\"https:\\\/\\\/yoga-der-mitte.info\\\/blogn\\\/#website\",\"url\":\"https:\\\/\\\/yoga-der-mitte.info\\\/blogn\\\/\",\"name\":\"Sahaja Yoga Krems\",\"description\":\"- Yoga der Mitte\",\"publisher\":{\"@id\":\"https:\\\/\\\/yoga-der-mitte.info\\\/blogn\\\/#organization\"},\"potentialAction\":[{\"@type\":\"SearchAction\",\"target\":{\"@type\":\"EntryPoint\",\"urlTemplate\":\"https:\\\/\\\/yoga-der-mitte.info\\\/blogn\\\/?s={search_term_string}\"},\"query-input\":{\"@type\":\"PropertyValueSpecification\",\"valueRequired\":true,\"valueName\":\"search_term_string\"}}],\"inLanguage\":\"de\"},{\"@type\":\"Organization\",\"@id\":\"https:\\\/\\\/yoga-der-mitte.info\\\/blogn\\\/#organization\",\"name\":\"Sahaja Yoga\",\"url\":\"https:\\\/\\\/yoga-der-mitte.info\\\/blogn\\\/\",\"logo\":{\"@type\":\"ImageObject\",\"inLanguage\":\"de\",\"@id\":\"https:\\\/\\\/yoga-der-mitte.info\\\/blogn\\\/#\\\/schema\\\/logo\\\/image\\\/\",\"url\":\"https:\\\/\\\/yoga-der-mitte.info\\\/blogn\\\/wp-content\\\/uploads\\\/2017\\\/11\\\/Chakratafel.jpg\",\"contentUrl\":\"https:\\\/\\\/yoga-der-mitte.info\\\/blogn\\\/wp-content\\\/uploads\\\/2017\\\/11\\\/Chakratafel.jpg\",\"width\":510,\"height\":652,\"caption\":\"Sahaja Yoga\"},\"image\":{\"@id\":\"https:\\\/\\\/yoga-der-mitte.info\\\/blogn\\\/#\\\/schema\\\/logo\\\/image\\\/\"},\"sameAs\":[\"https:\\\/\\\/www.facebook.com\\\/Sahaja-Yoga-Meditation-Krems-1265852353480686\\\/\"]}]}<\/script>\n<!-- \/ Yoast SEO plugin. -->","yoast_head_json":{"title":"Impressum - Sahaja Yoga Krems","description":"Impressum, Informationen zur DSGVO","robots":{"index":"index","follow":"follow","max-snippet":"max-snippet:-1","max-image-preview":"max-image-preview:large","max-video-preview":"max-video-preview:-1"},"canonical":"https:\/\/yoga-der-mitte.info\/blogn\/impressum\/","og_locale":"de_DE","og_type":"article","og_title":"Impressum - Sahaja Yoga Krems","og_description":"Impressum, Informationen zur DSGVO","og_url":"https:\/\/yoga-der-mitte.info\/blogn\/impressum\/","og_site_name":"Sahaja Yoga Krems","article_publisher":"https:\/\/www.facebook.com\/Sahaja-Yoga-Meditation-Krems-1265852353480686\/","article_modified_time":"2023-12-13T08:18:56+00:00","twitter_card":"summary_large_image","twitter_misc":{"Gesch\u00e4tzte Lesezeit":"8\u00a0Minuten"},"schema":{"@context":"https:\/\/schema.org","@graph":[{"@type":"WebPage","@id":"https:\/\/yoga-der-mitte.info\/blogn\/impressum\/","url":"https:\/\/yoga-der-mitte.info\/blogn\/impressum\/","name":"Impressum - Sahaja Yoga Krems","isPartOf":{"@id":"https:\/\/yoga-der-mitte.info\/blogn\/#website"},"datePublished":"2022-08-29T17:32:19+00:00","dateModified":"2023-12-13T08:18:56+00:00","description":"Impressum, Informationen zur DSGVO","breadcrumb":{"@id":"https:\/\/yoga-der-mitte.info\/blogn\/impressum\/#breadcrumb"},"inLanguage":"de","potentialAction":[{"@type":"ReadAction","target":["https:\/\/yoga-der-mitte.info\/blogn\/impressum\/"]}]},{"@type":"BreadcrumbList","@id":"https:\/\/yoga-der-mitte.info\/blogn\/impressum\/#breadcrumb","itemListElement":[{"@type":"ListItem","position":1,"name":"Startseite","item":"https:\/\/yoga-der-mitte.info\/blogn\/"},{"@type":"ListItem","position":2,"name":"Impressum"}]},{"@type":"WebSite","@id":"https:\/\/yoga-der-mitte.info\/blogn\/#website","url":"https:\/\/yoga-der-mitte.info\/blogn\/","name":"Sahaja Yoga Krems","description":"- Yoga der Mitte","publisher":{"@id":"https:\/\/yoga-der-mitte.info\/blogn\/#organization"},"potentialAction":[{"@type":"SearchAction","target":{"@type":"EntryPoint","urlTemplate":"https:\/\/yoga-der-mitte.info\/blogn\/?s={search_term_string}"},"query-input":{"@type":"PropertyValueSpecification","valueRequired":true,"valueName":"search_term_string"}}],"inLanguage":"de"},{"@type":"Organization","@id":"https:\/\/yoga-der-mitte.info\/blogn\/#organization","name":"Sahaja Yoga","url":"https:\/\/yoga-der-mitte.info\/blogn\/","logo":{"@type":"ImageObject","inLanguage":"de","@id":"https:\/\/yoga-der-mitte.info\/blogn\/#\/schema\/logo\/image\/","url":"https:\/\/yoga-der-mitte.info\/blogn\/wp-content\/uploads\/2017\/11\/Chakratafel.jpg","contentUrl":"https:\/\/yoga-der-mitte.info\/blogn\/wp-content\/uploads\/2017\/11\/Chakratafel.jpg","width":510,"height":652,"caption":"Sahaja Yoga"},"image":{"@id":"https:\/\/yoga-der-mitte.info\/blogn\/#\/schema\/logo\/image\/"},"sameAs":["https:\/\/www.facebook.com\/Sahaja-Yoga-Meditation-Krems-1265852353480686\/"]}]}},"_links":{"self":[{"href":"https:\/\/yoga-der-mitte.info\/blogn\/wp-json\/wp\/v2\/pages\/958","targetHints":{"allow":["GET"]}}],"collection":[{"href":"https:\/\/yoga-der-mitte.info\/blogn\/wp-json\/wp\/v2\/pages"}],"about":[{"href":"https:\/\/yoga-der-mitte.info\/blogn\/wp-json\/wp\/v2\/types\/page"}],"author":[{"embeddable":true,"href":"https:\/\/yoga-der-mitte.info\/blogn\/wp-json\/wp\/v2\/users\/4"}],"replies":[{"embeddable":true,"href":"https:\/\/yoga-der-mitte.info\/blogn\/wp-json\/wp\/v2\/comments?post=958"}],"version-history":[{"count":3,"href":"https:\/\/yoga-der-mitte.info\/blogn\/wp-json\/wp\/v2\/pages\/958\/revisions"}],"predecessor-version":[{"id":1027,"href":"https:\/\/yoga-der-mitte.info\/blogn\/wp-json\/wp\/v2\/pages\/958\/revisions\/1027"}],"wp:attachment":[{"href":"https:\/\/yoga-der-mitte.info\/blogn\/wp-json\/wp\/v2\/media?parent=958"}],"curies":[{"name":"wp","href":"https:\/\/api.w.org\/{rel}","templated":true}]}}